{"id":1046,"date":"2020-04-12T10:56:53","date_gmt":"2020-04-12T09:56:53","guid":{"rendered":"https:\/\/yangda.de\/?page_id=1046"},"modified":"2022-03-13T22:31:14","modified_gmt":"2022-03-13T21:31:14","slug":"versand","status":"publish","type":"page","link":"https:\/\/yangda.de\/?page_id=1046&lang=de","title":{"rendered":"Versand"},"content":{"rendered":"\n<h3>1. W\u00e4hrend des Testbetriebs des Online-Systems ist die Liefergeb\u00fchr g\u00fcnstig.<\/h3>\n\n\n\n<ul><li>Zone 0(Gr\u00fcn): Der Mindestbestellwert f\u00fcr die Lieferung betr\u00e4gt 30 \u20ac. Liefergeb\u00fchr: 4 \u20ac f\u00fcr Bestellbetrag 30 \u20ac -50 \u20ac; Kostenlos f\u00fcr Bestellbetrag 50 \u20ac.<\/li><li>Zone 1(Gelb): Der Mindestbestellwert f\u00fcr die Lieferung betr\u00e4gt 40 \u20ac. Liefergeb\u00fchr: 5 \u20ac f\u00fcr Bestellbetrag 40 \u20ac -60 \u20ac; Kostenlos f\u00fcr Bestellbetrag 60 \u20ac.<\/li><li>Zone 2(Blau): Der Mindestbestellwert f\u00fcr die Lieferung betr\u00e4gt 50 \u20ac, Liefergeb\u00fchr: 6 \u20ac<\/li><li>Zone 0: Bitte geben Sie Ihre Bestellung mindestens 1 Stunde im Voraus auf; Zone 1:Bitte geben Sie Ihre Bestellung mindestens 1.5 Stunde im Voraus auf; Zone 2:Bitte geben Sie Ihre Bestellung mindestens 2 Stunden im Voraus auf.<\/li><\/ul>\n\n\n\n<h3>Lieferzone<\/h3>\n\n\n\n<div class=\"wp-block-image\"><figure class=\"aligncenter size-large\"><img loading=\"lazy\" width=\"834\" height=\"1024\" src=\"https:\/\/yangda.de\/wp-content\/uploads\/2021\/04\/9_15_12-834x1024.png\" alt=\"\" class=\"wp-image-18113\" srcset=\"https:\/\/yangda.de\/wp-content\/uploads\/2021\/04\/9_15_12-834x1024.png 834w, https:\/\/yangda.de\/wp-content\/uploads\/2021\/04\/9_15_12-244x300.png 244w, https:\/\/yangda.de\/wp-content\/uploads\/2021\/04\/9_15_12-768x943.png 768w, https:\/\/yangda.de\/wp-content\/uploads\/2021\/04\/9_15_12-1251x1536.png 1251w, https:\/\/yangda.de\/wp-content\/uploads\/2021\/04\/9_15_12-1668x2048.png 1668w, https:\/\/yangda.de\/wp-content\/uploads\/2021\/04\/9_15_12-416x511.png 416w\" sizes=\"(max-width: 834px) 100vw, 834px\" \/><\/figure><\/div>\n\n\n\n<h3>2. Zus\u00e4tzlich zum Lieferservice haben wir in Heidelberg Restaurant Abholpunkte und in Mannheim 2 zeitgesteuerte Abholpunkte eingerichtet. Alle Selbstabholservices sind kostenlos und es gibt keinen Mindestbestellbetrag. Hinweis: Die durch die Abholung angegebene Zeit Punkt ist die Abholzeit, daher m\u00fcssen alle Bestellungen f\u00fcr Abholpunkte mindestens <span class=\"has-inline-color has-vivid-red-color\">1 Stunde<\/span> vor der Abholzeit erfolgen.<\/h3>\n\n\n\n<h3>2.1 Selbstabholpunkt im Restaurant\uff1a<\/h3>\n\n\n\n<ul><li>Heidelberg Wieblingen(Neckarh\u00e4user Str. 3,69123,Heidelberg) (Alle \u00d6ffnungszeiten)<\/li><\/ul>\n\n\n\n<h3>2.2 Selbstabholpunkt im Mannheim\uff1a<\/h3>\n\n\n\n<ul><li>Selbstabholung in Mannheim(Teeseele Bubble Tea N4 6, 68161) (Mi und Sa 15:00-)<\/li><li>Selbstabholung in Mannheim(Dragon &amp; Phoenix Asia Supermarkt: Maybachstr. 10, 68169) (Mi und Sa 15:30-17:00)<\/li><\/ul>\n","protected":false},"excerpt":{"rendered":"<p>1. W\u00e4hrend des Testbetriebs des Online-Systems ist die  [&hellip;]<\/p>\n","protected":false},"author":1,"featured_media":0,"parent":0,"menu_order":0,"comment_status":"closed","ping_status":"closed","template":"","meta":[],"_links":{"self":[{"href":"https:\/\/yangda.de\/index.php?rest_route=\/wp\/v2\/pages\/1046"}],"collection":[{"href":"https:\/\/yangda.de\/index.php?rest_route=\/wp\/v2\/pages"}],"about":[{"href":"https:\/\/yangda.de\/index.php?rest_route=\/wp\/v2\/types\/page"}],"author":[{"embeddable":true,"href":"https:\/\/yangda.de\/index.php?rest_route=\/wp\/v2\/users\/1"}],"replies":[{"embeddable":true,"href":"https:\/\/yangda.de\/index.php?rest_route=%2Fwp%2Fv2%2Fcomments&post=1046"}],"version-history":[{"count":16,"href":"https:\/\/yangda.de\/index.php?rest_route=\/wp\/v2\/pages\/1046\/revisions"}],"predecessor-version":[{"id":28952,"href":"https:\/\/yangda.de\/index.php?rest_route=\/wp\/v2\/pages\/1046\/revisions\/28952"}],"wp:attachment":[{"href":"https:\/\/yangda.de\/index.php?rest_route=%2Fwp%2Fv2%2Fmedia&parent=1046"}],"curies":[{"name":"wp","href":"https:\/\/api.w.org\/{rel}","templated":true}]}}