{"id":1049,"date":"2020-04-12T10:59:43","date_gmt":"2020-04-12T09:59:43","guid":{"rendered":"https:\/\/yangda.de\/?page_id=1049"},"modified":"2021-01-31T10:32:39","modified_gmt":"2021-01-31T09:32:39","slug":"terms-conditions","status":"publish","type":"page","link":"https:\/\/yangda.de\/?page_id=1049&lang=en","title":{"rendered":"Terms &#038; Conditions"},"content":{"rendered":"\n<h1>Allgemeine Gesch\u00e4ftsbedingungen<\/h1>\n\n\n\n<p><strong>1. Geltungsbereich<\/strong><\/p>\n\n\n\n<p>F\u00fcr alle Bestellungen \u00fcber unseren Online-Shop durch Verbraucher und Unternehmer gelten die nachfolgenden AGB.<\/p>\n\n\n\n<p>Verbraucher ist jede nat\u00fcrliche Person, die ein Rechtsgesch\u00e4ft zu Zwecken abschlie\u00dft, die \u00fcberwiegend weder ihrer gewerblichen noch ihrer selbst\u00e4ndigen beruflichen T\u00e4tigkeit zugerechnet werden k\u00f6nnen. Unternehmer ist eine nat\u00fcrliche oder juristische Person oder eine rechtsf\u00e4hige Personengesellschaft, die bei Abschluss eines Rechtsgesch\u00e4fts in Aus\u00fcbung ihrer gewerblichen oder selbst\u00e4ndigen beruflichen T\u00e4tigkeit handelt.<\/p>\n\n\n\n<p>Gegen\u00fcber Unternehmern gelten diese AGB auch f\u00fcr k\u00fcnftige Gesch\u00e4ftsbeziehungen, ohne dass wir nochmals auf sie hinweisen m\u00fcssten. Verwendet der Unternehmer entgegenstehende oder erg\u00e4nzende Allgemeine Gesch\u00e4ftsbedingungen, wird deren Geltung hiermit widersprochen; sie werden nur dann Vertragsbestandteil, wenn wir dem ausdr\u00fccklich zugestimmt haben.<\/p>\n\n\n\n<p><strong>2. Vertragspartner, Vertragsschluss<\/strong><\/p>\n\n\n\n<p>Der Kaufvertrag kommt zustande mit China Restaurant Yangda.<\/p>\n\n\n\n<p>Mit Einstellung der Produkte in den Online-Shop geben wir ein verbindliches Angebot zum Vertragsschluss \u00fcber diese Artikel ab. Sie k\u00f6nnen unsere Produkte zun\u00e4chst unverbindlich in den Warenkorb legen und Ihre Eingaben vor Absenden Ihrer verbindlichen Bestellung jederzeit korrigieren, indem Sie die hierf\u00fcr im Bestellablauf vorgesehenen und erl\u00e4uterten Korrekturhilfen nutzen. Der Vertrag kommt zustande, indem Sie durch Anklicken des Bestellbuttons das Angebot \u00fcber die im Warenkorb enthaltenen Waren annehmen. Unmittelbar nach dem Absenden der Bestellung erhalten Sie noch einmal eine Best\u00e4tigung per E-Mail.<\/p>\n\n\n\n<p>Ein bindender Vertrag kann auch bereits zuvor wie folgt zustande kommen:<\/p>\n\n\n\n<ul><li>Wenn Sie die Zahlungsart PayPal gew\u00e4hlt haben, kommt der Vertrag zum Zeitpunkt Ihrer Best\u00e4tigung der Zahlungsanweisung an PayPal zustande.<\/li><\/ul>\n\n\n\n<p>Die f\u00fcr den Vertragsschluss zur Verf\u00fcgung stehende Sprache ist Deutsch.<\/p>\n\n\n\n<p>Wir speichern den Vertragstext und senden Ihnen die Bestelldaten und unsere AGB per E-Mail zu. Die AGB k\u00f6nnen Sie jederzeit auch hier auf dieser Seite einsehen und herunterladen. Ihre vergangenen Bestellungen k\u00f6nnen Sie in unserem Kunden-Login einsehen.<\/p>\n\n\n\n<p><strong>3. Lieferbedingungen<\/strong><\/p>\n\n\n\n<p>Zuz\u00fcglich zu den angegebenen Produktpreisen kommen noch Lieferkosten hinzu. N\u00e4heres zur H\u00f6he der Versandkosten erfahren Sie bei den Angeboten.<\/p>\n\n\n\n<p>Sie haben grunds\u00e4tzlich die M\u00f6glichkeit der Abholung bei China Restaurant Yangda, Neckarh\u00e4user Str. 3 69123 Heidelberg, Deutschland zu den nachfolgend angegebenen Gesch\u00e4ftszeiten: nach Vereinbarung.<\/p>\n\n\n\n<p><strong>4. Bezahlung<\/strong><\/p>\n\n\n\n<p>In unserem Shop stehen Ihnen die folgenden Zahlungsarten zur Verf\u00fcgung:<\/p>\n\n\n\n<p><strong>WeChat Pay<\/strong><br>Sie bezahlen den Rechnungsbetrag \u00fcber den Online-Anbieter Yabandpay and WeChat.<\/p>\n\n\n\n<p><strong>Alipay<\/strong><br>Sie bezahlen den Rechnungsbetrag \u00fcber den Online-Anbieter Yabandpay and Tecent. <\/p>\n\n\n\n<p><strong>Paypal<\/strong><br>Sie bezahlen den Rechnungsbetrag \u00fcber den Online-Anbieter Paypal. Sie m\u00fcssen grunds\u00e4tzlich dort registriert sein bzw. sich erst registrieren, mit Ihren Zugangsdaten legitimieren und die Zahlungsanweisung an uns best\u00e4tigen. Weitere Hinweise erhalten Sie beim Bestellvorgang.<\/p>\n\n\n\n<p><strong>Barzahlung bei Abholung<\/strong><br>Sie k\u00f6nnen Ihre Ware bei der Abholung bar bezahlen.<\/p>\n\n\n\n<p><strong>5. Widerrufsrecht<\/strong><\/p>\n\n\n\n<p>Verbrauchern steht das gesetzliche Widerrufsrecht wie in der Widerrufsbelehrung beschrieben zu. Unternehmern wird kein freiwilliges Widerrufsrecht einger\u00e4umt.<\/p>\n\n\n\n<p><strong>6. Liefersch\u00e4den<\/strong><\/p>\n\n\n\n<p>Werden Waren mit Liefersch\u00e4den angeliefert, so nehmen Sie bitte unverz\u00fcglich Kontakt zu uns auf. <\/p>\n\n\n\n<p><strong>7. eWallet<\/strong><\/p>\n\n\n\n<p>Der Benutzer kann einige zus\u00e4tzliche Punkte erhalten, wenn er das eWallet-Konto belastet.&nbsp;Die Anzahl der Punkte kann w\u00e4hrend der Zeit von Yangda ge\u00e4ndert werden.&nbsp;Die eWallet kann nicht auf ein anderes Konto \u00fcbertragen werden.&nbsp;Der Benutzer kann sein Geld auf dem eWallet-Konto zu einem bestimmten Abzinsungssatz einl\u00f6sen, der derzeit 0,9 betr\u00e4gt.<\/p>\n\n\n\n<p><strong>8. Online-Streitbeilegung<\/strong><\/p>\n\n\n\n<p>Online-Streitbeilegung gem\u00e4\u00df Art. 14 Abs. 1 ODR-VO: Die Europ\u00e4ische Kommission stellt eine Plattform zur Online-Streitbeilegung (OS) bereit, die Sie unter&nbsp;<a href=\"http:\/\/ec.europa.eu\/consumers\/odr\/\" target=\"_blank\" rel=\"noreferrer noopener\">http:\/\/ec.europa.eu\/consumers\/odr\/<\/a>&nbsp;finden.<\/p>\n","protected":false},"excerpt":{"rendered":"<p>Allgemeine Gesch\u00e4ftsbedingungen 1. Geltungsbereich F\u00fcr  [&hellip;]<\/p>\n","protected":false},"author":1,"featured_media":0,"parent":0,"menu_order":0,"comment_status":"closed","ping_status":"closed","template":"","meta":[],"_links":{"self":[{"href":"https:\/\/yangda.de\/index.php?rest_route=\/wp\/v2\/pages\/1049"}],"collection":[{"href":"https:\/\/yangda.de\/index.php?rest_route=\/wp\/v2\/pages"}],"about":[{"href":"https:\/\/yangda.de\/index.php?rest_route=\/wp\/v2\/types\/page"}],"author":[{"embeddable":true,"href":"https:\/\/yangda.de\/index.php?rest_route=\/wp\/v2\/users\/1"}],"replies":[{"embeddable":true,"href":"https:\/\/yangda.de\/index.php?rest_route=%2Fwp%2Fv2%2Fcomments&post=1049"}],"version-history":[{"count":3,"href":"https:\/\/yangda.de\/index.php?rest_route=\/wp\/v2\/pages\/1049\/revisions"}],"predecessor-version":[{"id":14840,"href":"https:\/\/yangda.de\/index.php?rest_route=\/wp\/v2\/pages\/1049\/revisions\/14840"}],"wp:attachment":[{"href":"https:\/\/yangda.de\/index.php?rest_route=%2Fwp%2Fv2%2Fmedia&parent=1049"}],"curies":[{"name":"wp","href":"https:\/\/api.w.org\/{rel}","templated":true}]}}