{"id":1056,"date":"2020-04-12T11:03:25","date_gmt":"2020-04-12T10:03:25","guid":{"rendered":"https:\/\/yangda.de\/?page_id=1056"},"modified":"2020-04-27T09:58:29","modified_gmt":"2020-04-27T07:58:29","slug":"imprint","status":"publish","type":"page","link":"https:\/\/yangda.de\/?page_id=1056&lang=en","title":{"rendered":"Imprint"},"content":{"rendered":"\n<p>China Restaurant Yangda<\/p>\n\n\n\n<p>Neckarh\u00e4user Str. 3<br>69123 Heidelberg<br>Deutschland<\/p>\n\n\n\n<p>Telefon: 06221 3358602<br>Fax\uff1a06221 3894617<br>Email: info@yangda.de<\/p>\n\n\n\n<p>Bankverbindung: Sparkasse Heidelberg<br>IBAN: DE36 6725 0020 0009 2785 75<br>BIC: SOLADES1 HDB<\/p>\n\n\n\n<p>Betriebsnummer: 92373167<\/p>\n\n\n\n<p>Umsatzsteuer-Identifikationsnummer: DE 326312671<\/p>\n\n\n\n<p>Die Europ\u00e4ische Kommission stellt eine Plattform zur Online-Streitbeilegung (OS) bereit, die Sie hier finden&nbsp;<a href=\"http:\/\/ec.europa.eu\/consumers\/odr\/\" target=\"_blank\" rel=\"noreferrer noopener\">http:\/\/ec.europa.eu\/consumers\/odr\/<\/a>.&nbsp;&nbsp;<br>Wir sind bereit, an einem au\u00dfergerichtlichen Schlichtungsverfahren vor einer Verbraucherschlichtungsstelle teilzunehmen.&nbsp;&nbsp;<br>Zust\u00e4ndig ist die Allgemeine Verbraucherschlichtungsstelle des Zentrums f\u00fcr Schlichtung e.V., Stra\u00dfburger Stra\u00dfe 8, 77694 Kehl am Rhein,&nbsp;<a href=\"http:\/\/www.verbraucher-schlichter.de\/\" target=\"_blank\" rel=\"noreferrer noopener\">www.verbraucher-schlichter.de<\/a>.<\/p>\n","protected":false},"excerpt":{"rendered":"<p>China Restaurant Yangda Neckarh\u00e4user Str. 369123 Heidel [&hellip;]<\/p>\n","protected":false},"author":1,"featured_media":0,"parent":0,"menu_order":0,"comment_status":"closed","ping_status":"closed","template":"","meta":[],"_links":{"self":[{"href":"https:\/\/yangda.de\/index.php?rest_route=\/wp\/v2\/pages\/1056"}],"collection":[{"href":"https:\/\/yangda.de\/index.php?rest_route=\/wp\/v2\/pages"}],"about":[{"href":"https:\/\/yangda.de\/index.php?rest_route=\/wp\/v2\/types\/page"}],"author":[{"embeddable":true,"href":"https:\/\/yangda.de\/index.php?rest_route=\/wp\/v2\/users\/1"}],"replies":[{"embeddable":true,"href":"https:\/\/yangda.de\/index.php?rest_route=%2Fwp%2Fv2%2Fcomments&post=1056"}],"version-history":[{"count":4,"href":"https:\/\/yangda.de\/index.php?rest_route=\/wp\/v2\/pages\/1056\/revisions"}],"predecessor-version":[{"id":3430,"href":"https:\/\/yangda.de\/index.php?rest_route=\/wp\/v2\/pages\/1056\/revisions\/3430"}],"wp:attachment":[{"href":"https:\/\/yangda.de\/index.php?rest_route=%2Fwp%2Fv2%2Fmedia&parent=1056"}],"curies":[{"name":"wp","href":"https:\/\/api.w.org\/{rel}","templated":true}]}}