{"id":3152,"date":"2020-04-06T15:58:47","date_gmt":"2020-04-06T13:58:47","guid":{"rendered":"https:\/\/yangda.de\/?product=kreuzkummel-huhnerfilet"},"modified":"2023-12-31T23:02:24","modified_gmt":"2023-12-31T22:02:24","slug":"kreuzkummel-huhnerfilet","status":"publish","type":"product","link":"https:\/\/yangda.de\/?produkt=kreuzkummel-huhnerfilet&lang=de","title":{"rendered":"Kreuzk\u00fcmmel H\u00fchnerfilet"},"content":{"rendered":"<p>Kreuzk\u00fcmmel H\u00fchnerfilet<\/p>\n","protected":false},"excerpt":{"rendered":"<p>Kreuzk\u00fcmmel H\u00fchnerfilet<\/p>\n","protected":false},"featured_media":3240,"template":"","meta":[],"product_cat":[57],"product_tag":[],"_links":{"self":[{"href":"https:\/\/yangda.de\/index.php?rest_route=\/wp\/v2\/product\/3152"}],"collection":[{"href":"https:\/\/yangda.de\/index.php?rest_route=\/wp\/v2\/product"}],"about":[{"href":"https:\/\/yangda.de\/index.php?rest_route=\/wp\/v2\/types\/product"}],"wp:featuredmedia":[{"embeddable":true,"href":"https:\/\/yangda.de\/index.php?rest_route=\/wp\/v2\/media\/3240"}],"wp:attachment":[{"href":"https:\/\/yangda.de\/index.php?rest_route=%2Fwp%2Fv2%2Fmedia&parent=3152"}],"wp:term":[{"taxonomy":"product_cat","embeddable":true,"href":"https:\/\/yangda.de\/index.php?rest_route=%2Fwp%2Fv2%2Fproduct_cat&post=3152"},{"taxonomy":"product_tag","embeddable":true,"href":"https:\/\/yangda.de\/index.php?rest_route=%2Fwp%2Fv2%2Fproduct_tag&post=3152"}],"curies":[{"name":"wp","href":"https:\/\/api.w.org\/{rel}","templated":true}]}}